site number?
False
Is 103387 a composite number?
False
Is 36467 composite?
False
Is 217643 prime?
True
Is 26927 composite?
False
Is 1120369 composite?
False
Is 1584217 a composite number?
True
Is 879 composite?
True
Is 4162057 a composite number?
True
Is 271407 prime?
False
Is 42673 a prime number?
False
Is 355747 prime?
False
Is 106823 a composite number?
False
Is 976777 composite?
False
Is 3557497 a composite number?
False
Is 121763 prime?
True
Is 1931 a composite number?
False
Is 6609 a prime number?
False
Is 20267 a prime number?
False
Is 2196347 a prime number?
True
Is 4891 prime?
False
Is 916907 a prime number?
True
Is 1960715 a prime number?
False
Is 81761 composite?
False
Is 741197 a composite number?
True
Is 1356259 prime?
True
Is 82339 prime?
True
Is 11957 a prime number?
False
Is 316009 composite?
True
Is 11669 prime?
False
Is 13859 a composite number?
False
Is 43391 composite?
False
Is 28383 prime?
False
Is 59217 prime?
False
Is 6866 a prime number?
False
Is 45049 prime?
False
Is 30293 a composite number?
False
Is 38543 a prime number?
True
Is 14909 a composite number?
True
Is 497093 a prime number?
True
Is 179479 prime?
True
Is 6823 a prime number?
True
Is 1901 composite?
False
Is 317605 composite?
True
Is 2335105 a composite number?
True
Is 220291 a composite number?
False
Is 22051 prime?
True
Is 37211 a composite number?
True
Is 666109 prime?
True
Is 87946 a composite number?
True
Is 6457 prime?
False
Is 5471 composite?
False
Is 517571 a composite number?
False
Is 27929 a composite number?
True
Is 7747 a composite number?
True
Is 815653 composite?
False
Is 20707 prime?
True
Is 14386 a prime number?
False
Is 1267 prime?
False
Is 5897 composite?
False
Is 364027 a composite number?
False
Is 122083 prime?
False
Is 1317 a composite number?
True
Is 4219 a prime number?
True
Is 4711 composite?
True
Is 60181 a composite number?
True
Is 257 a composite number?
False
Is 2759 prime?
False
Is 113279 composite?
False
Is 1080307 prime?
True
Is 19031 a composite number?
False
Is 319 a composite number?
True
Is 10517 a prime number?
False
Is 167122 a prime number?
False
Is 15787 prime?
True
Is 43595 prime?
False
Is 1178141 a composite number?
False
Is 221 a composite number?
True
Is 17357 prime?
False
Is 12515 a prime number?
False
Is 3827 prime?
False
Is 222689 composite?
True
Is 98221 a prime number?
True
Is 33481 a prime number?
False
Is 117482 a prime number?
False
Is 212417 composite?
True
Is 239167 composite?
False
Is 257273 prime?
True
Is 2191 prime?
False
Is 18215 a prime number?
False
Is 5581 composite?
False
Is 71609 prime?
False
Is 6467 a composite number?
True
Is 128463 a composite number?
True
Is 4297 a prime number?
True
Is 292063 composite?
True
Is 136195 a prime number?
False
Is 121259 a prime number?
True
Is 2073911 a prime number?
False
Is 405989 composite?
False
Is 244231 prime?
False
Is 474101 a composite number?
False
Is 1841 prime?
False
Is 3691 a composite number?
False
Is 108021 composite?
True
Is 41637 prime?
False
Is 4631 prime?
False
Is 4408451 a composite number?
False
Is 506189 composite?
True
Is 13379 prime?
False
Is 34777 a composite number?
True
Is 62969 a prime number?
True
Is 6899 a prime number?
True
Is 5569 a composite number?
False
Is 29917 a prime number?
True
Is 85361 prime?
True
Is 7669 a prime number?
True
Is 572089 a prime number?
False
Is 262147 composite?
False
Is 3409 composite?
True
Is 1096079 prime?
True
Is 15539 a prime number?
False
Is 1691065 composite?
True
Is 95005 prime?
False
Is 91367 prime?
True
Is 28327 a prime number?
False
Is 5489 a prime number?
False
Is 96521 a prime number?
False
Is 5099041 a composite number?
True
Is 13963 a prime number?
True
Is 2642 a prime number?
False
Is 56251 composite?
True
Is 3314 prime?
False
Is 873841 composite?
True
Is 6733 a prime number?
True
Is 16799 composite?
True
Is 2207 prime?
True
Is 394169 a prime number?
True
Is 10381 composite?
True
Is 1223877 prime?
False
Is 5953 a prime number?
True
Is 666341 a composite number?
True
Is 5669 a composite number?
False
Is 118435 a prime number?
False
Is 306541 a prime number?
True
Is 8663 a composite number?
False
Is 1221413 prime?
False
Is 1097737 composite?
True
Is 3866 prime?
False
Is 3389 a prime number?
True
Is 252571 a composite number?
True
Is 182811 a composite number?
True
Is 23719 a composite number?
False
Is 191531 a composite number?
False
Is 28019 a composite number?
False
Is 251227 prime?
False
Is 46049 a prime number?
True
Is 352579 composite?
False
Is 38189 prime?
True
Is 19207 a prime number?
True
Is 47267 a composite number?
True
Is 656113 prime?
True
Is 112643 prime?
True
Is 417271 prime?
True
Is 33577 prime?
True
Is 286985 composite?
True
Is 138581 composite?
False
Is 11863 prime?
True
Is 21163 composite?
False
Is 252709 prime?
True
Is 92077 composite?
False
Is 74159 a prime number?
True
Is 5615 a prime number?
False
Is 201193 composite?
False
Is 17167 a prime number?
True
Is 153313 a composite number?
False
Is 37087 a prime number?
True
Is 183089 a prime number?
True
Is 143509 composite?
False
Is 17717 composite?
True
Is 7903 composite?
True
Is 4493 a prime number?
True
Is 4327 a composite number?
False
Is 1285943 composite?
False
Is 35897 prime?
True
Is 88289 composite?
False
Is 1423 a prime number?
True
Is 1641 composite?
True
Is 2333 prime?
True
Is 46261 a prime number?
True
Is 763591 composite?
True
Is 358349 prime?
True
Is 113519 a composite number?
True
Is 742565 a prime number?
False
Is 31469 composite?
False
Is 687593 prime?
True
Is 803 prime?
False
Is 59999 a prime number?
True
Is 207565 prime?
False
Is 698821 a composite number?
False
Is 31803 a composite number?
True
Is 30633 prime?
False
Is 449481 composite?
True
Is 26957 a composite number?
True
Is 570563 a composite number?
True
Is 983 composite?
False
Is 6449 prime?
True
Is 33133 prime?
False
Is 2609 composite?
False
Is 391417 composite?
True
Is 174805 prime?
False
Is 238829 prime?
True
Is 22469 a prime number?
True
Is 25811 a composite number?
True
Is 1594331 a prime number?
True
Is 15427 a prime number?
True
Is 1151 a prime number?
True
Is 2099 a composite number?
False
Is 142001 a prime number?
False
Is 41059 a composite number?
True
Is 28889 a composite number?
True
Is 17863 prime?
True
Is 209191 composite?
True
Is 1864739 a composite number?
False
Is 26801 prime?
True
Is 201883 prime?
False
Is 5299 a composite number?
True
Is 49949 prime?
False
Is 236087 composite?
False
Is 7627 a prime number?
False
Is 77839 composite?
False
Is 10427 prime?
True
Is 277901 a composite number?
True
Is 22465 a composite number?
True
Is 3233 composite?
True
Is 8135 a composite number?
True
Is 9301 composite?
True
Is 24194 a prime number?
False
Is 461473 a prime number?
False
Is 12889 a prime number?
True
Is 4393 prime?
False
Is 38891 composite?
False
Is 126361 composite?
True
Is 13595 a prime number?
False
Is 661873 prime?
True
Is 152549 composite?
True
Is 148483 prime?
True
Is 111607 a composite number?
True
Is 15009 prime?
False
Is 2921 prime?
False
Is 426527 prime?
True
Is 74953 a prime number?
False
Is 356251 a composite number?
True
Is 59051 composite?
False
Is 31583 a prime number?
True
Is 24359 a composite number?
False
Is 19301 prime?
True
Is 67778 a composite number?
True
Is 152257 composite?
True
Is 298669 a prime number?
False
Is 77137 a composite number?
False
Is 29441 a composite number?
True
Is 156667 prime?
False
Is 1742879 composite?
True
Is 830915 a prime number?
False
Is 887 prime?
True
Is 1223659 composite?
True
Is 10903 composite?
False
Is 48731 prime?
True
Is 68347 a composite number?
True
Is 4691 a composite number?
False
Is 1003193 a prime number?
True
Is 1765949 a prime number?
True
Is 1507315 a composite number?
True
Is 10817 prime?
False
Is 977717 a composite number?
True
Is 633 prime?
False
Is 1494247 composite?
False
Is 176387 composite?
True
Is 3827 prime?
False
Is 1268099 a composite number?
True
Is 671453 composite?
True
Is 31399 a composite number?
True
Is 100739 prime?
False
Is 9493 composite?
True
Is 5359 a composite number?
True
Is 430571 a prime number?
True
Is 40543 prime?
True
Is 749167 a prime number?
True
Is 10433 a composite number?
False
Is 111913 composite?
False
Is 270197 prime?
False
Is 12936